Evaluate 0 + -11 + ((-3 - -4) + 1 - 2).
-11
Evaluate 0 + -13 - ((-39 - -41) + -10).
-5
0 + 23 - 21 - 25
-23
What is the value of (-23 + 3 - -33) + 9?
22
What is the value of 14 + -9 - (3 + 6 + -2)?
-2
Calculate (133 - 76) + -50 - (-5 + 1).
11
Calculate 7 + ((-6 - 3) + 6 - -3).
7
20 + 1 + (73 - (137 - 51))
8
What is (-2 - -9 - (20 - 13) - -10) + 2?
12
-14 - (-23 - 0 - -19)
-10
What is the value of 12 + (-27 - -30) - (8 + 0 + -3)?
10
Evaluate (-128 - -14) + 107 - (-1 - (-1 + 8)).
1
What is 6 + -1 + -10 + 7 - (1 + 23)?
-22
Calculate (46 - 80) + -5 + 19.
-20
Calculate 0 + 47 + 580 + -618.
9
Evaluate -13 - (-6 + (2 - 1)) - 3.
-11
Evaluate 4 + 15 + (-1 - (5 + (-1 - -3))).
11
What is the value of ((-3 - -7) + -18 - -9) + -13?
-18
Evaluate (4 + -10 + 3 - -7) + 1.
5
What is -10 + -3 + (22 - 21)?
-12
(10 - (-9 + 15)) + 3
7
What is -7 + (-5 - (5 - 8) - -9)?
0
What is (4 - (-2 + 3)) + 4 + (-28 - -18)?
-3
What is 745 + -759 + (2 - 2 - -36)?
22
Calculate 25 + (-37 + 51 - 28).
11
Calculate -4 - ((4 - 12) + -13 + 6).
11
What is the value of (-1 - 10) + 548 + -546 + -1 + 32?
22
Evaluate -7 + 9 + (-6 - -8) + (1 - 0).
5
What is the value of 0 + -13 + -1 + 22 + 5 + -24?
-11
What is -8 - (-2 - (-3 + (-5 - -13)))?
-1
What is -14 - (0 + -14) - -9?
9
What is the value of -5 + (6 - (-5 - -5)) + -3?
-2
Evaluate 26 + -9 + 1 - 5.
13
What is -5 - ((-8 + 1 - 0) + (141 - 140))?
1
36 + -64 + 36 + (6 - 0)
14
Calculate (22 - 44) + 37 + -21.
-6
What is the value of (0 - 11) + 14 + (1 - (0 + 7))?
-3
-20 - 1 - (78 + -86)
-13
What is 4 + -9 + (-1 - 8) + 5?
-9
Evaluate -1 + (0 - -16) + (-70 - -62).
7
-5 - (-16 - -19) - (5 + 2) - -4
-11
2 - (-16 - -12) - (-21 + (4 - 8))
31
What is -6 + 13 - (-9 - -13)?
3
Calculate (-8 - 4) + 8 + 17.
13
What is -8 + 190 + -187 + (-2 - (1 - 10))?
2
Calculate 17 + -17 + (-1 + 3 - (80 + -86)).
8
What is the value of 3 - (14 - (12 - 10 - (-5 - -1)))?
-5
-7 + (-1 + 9 - -2) - 4
-1
Evaluate (4 - 17) + -1 - -11.
-3
Evaluate -4 - (-22 - (-1 - 45)).
-28
1 + (3 + -2 - 9) + 13
6
2 - 10 - (-16 - (5 - 11))
2
Calculate 34 - (79 - (60 + -22)).
-7
Evaluate 11 + 12 + -40 - -18.
1
-73 + 54 + 5 - (0 - -7)
-21
What is -4 - (12 - (28 + -11))?
1
-672 + 640 - (-9 - -1)
-24
What is the value of 5 + -2 + 2 - 4?
1
Calculate (-9 - (2 + 0) - -7) + -9.
-13
-14 + 10 + (3 - 7) + 16
8
-24 + 2 - (3 + -2 + -7 + 7)
-23
Calculate 30 - (48 - (36 - -6)).
24
What is the value of -15 + (-9 - -6) - -3 - (1 - 3)?
-13
-5 - (15 + -2 + -9 - (-1 + 2))
-8
Evaluate -9 - (0 - (0 - (-5 + 10 - 8))).
-6
What is the value of 7 + (-28 - (-39 + 19))?
-1
23 + 0 - 16 - 0
7
Evaluate -10 - (15 - 26 - 16).
17
5 - (1 + 5 - (3 + 5))
7
What is the value of -11 - (-12 + 9 - 12)?
4
Evaluate -8 + (-2 - 1) + 9 + 6.
4
Calculate 7 + -6 + -3 + 5 + 17 + -5.
15
Calculate 1 - (1 - (-6 + 2)) - (-6 - 5).
7
Evaluate -26 + -1 + (-416 - -437).
-6
Evaluate 19 - 22 - (-7 - -8) - (9 + -2).
-11
6 + -23 + (13 - 12)
-16
-7 + 4 + (-66 - -26) - -5
-38
-2 + (1 - -15) + -12 + -1 + -2
-1
Evaluate 7 - (23 + 4 - 29).
9
What is the value of -3 + -11 + 6 + (-1 - (2 + 0))?
-11
(-5 - -2) + (18 + -7 - 2)
6
Evaluate -2 - 3 - (-22 - (-7 - 7)).
3
Calculate -25 - -10 - (-2 + 4) - -9.
-8
11 + -11 + -15 - (9 - 15)
-9
What is the value of 7 + (-10 - 6 - -8)?
-1
What is -10 - (-16 - 1 - (-55 - -67))?
19
What is the value of -4 + (-6 - -2 - -5 - (12 - 4))?
-11
What is 3 + -4 + (5 + -3 - 5)?
-4
Calculate -1 - (-3 + (-5 + -7 - -5) + -5).
14
What is the value of -10 - (8 - 9) - -9?
0
Calculate 8 - (36 + -27 + (-3 - -2) + -34).
34
What is the value of 1 + -7 + 0 + (6 - 3)?
-3
Calculate -47 + -2 + 19 - -2.
-28
What is -5 + 0 + 10 - (2 + -3 - 3)?
9
Calculate 7 - (-33 + 10) - (1 + (11 - 3)).
21
Calculate 5 - (4 - 0 - -3) - -3.
1
Evaluate 61 + -65 - (6 - -2).
-12
Evaluate 4 + -13 - (0 - 14 - (32 - 7)).
30
Evaluate 4 + (-7 + 7 - (1 + 2)).
1
What is 3 - -1 - (-14 + (14 - (3 - -8)))?
15
What is the value of (-15 - 3) + 21 + -8?
-5
Calculate 9 + 1 + -5 - 14.
-9
Calculate 2 + 2 + -13 + 34 + -34 + 5.
-4
(10 - ((-6 - -5) + 6)) + -2 + -4
-1
Evaluate -61 - (-15 - 7) - -62.
23
What is the value of -1 + 27 + (0 - 14)?
12
Calculate 11 + (21 - 10) + -27 + (16 - 2).
9
What is the value of -2 - (16 + 0 - 31)?
13
What is the value of 2 + (4 - (-5 + 5)) + 3?
9
-13 - -8 - (-9 - (-5 + 2 + 1))
2
(4 - (6 + -7)) + -10 + 7
2
Calculate 20 - 21 - (-8 + -21 + 1).
27
11 + 3 - (-9 - -10)
13
What is (0 - 1) + 15 + -36?
-22
Calculate -44 - (18 - 36 - (2 + -4)).
-28
Calculate 15 - -4 - -4 - 40.
-17
Evaluate -11 + 44 + -1 - (-3 - -2 - 0).
33
Calculate -2 + (-2 + -5 - (15 + (2 - 14))).
-12
What is the value of 14 - (-14 - -26) - (-2 - 4)?
8
-1 + 1 + 12 - (391 + -399)
20
What is 3 + -12 + 0 + 14 + -7?
-2
Calculate 2 - (-14 - -10 - (0 - 8)).
-2
21 + (2 - 26) - (-7 - 1)
5
Calculate 6 + 6 + (-2 - -10) + 1.
21
Evaluate 7 - (-5 + -4 + 0 + 3 - 2).
15
What is the value of 14 + (-169 + 171 - (0 - 0))?
16
Evaluate 6 + -21 - (-4 - (-5 + 3 - 4)).
-17
Calculate 1 + 22 - (-32 - -38) - (-3 - -8).
12
Evaluate -6 + 2 - 1 - (15 - 20).
0
Evaluate 10 - (-25 - -10 - -10) - -8.
23
Evaluate 12 - (16 - (1 - 16)).
-19
What is -2 + (-4 - (-1 - 2)) + -6 + 0?
-9
Calculate (7 + 1 + -3 - (9 + 8)) + -5.
-17
What is the value of 23 - ((1 - -35) + 5)?
-18
-61 - -39 - -22 - 29
-29
What is the value of 0 + (5 - (-5 - (2 - (1 + 13))))?
-2
Evaluate 2 - 14 - -16 - 4.
0
Evaluate -4 - (-2 - (-9 - -15)) - -7 - -7.
18
Calculate 1 + 3 + (-11 - 13) + 15 + 18.
13
3 - (-2 + -1) - (-12 - -9 - -4)
5
Calculate (-11 - (9 - 17)) + 9 + -1.
5
Evaluate -3 - (123 + -137 - (1 + 4)).
16
What is the value of (-119 - -81) + (24 - 0)?
-14
Calculate -1 + 1 + 1 + 2 - (-14 - -28).
-11
What is the value of 4 - (16 - 39 - -11)?
16
What is 6 + -16 + 10 + 0 + 6?
6
Evaluate 12 - (-9 - -9) - (0 + 3).
9
Evaluate (-1 + -10 - (4 + 1)) + -5 + -2.
-23
Evaluate 14 - (15 + 35) - (4 - (10 + -8)).
-38
Evaluate 75 + -78 + (-7 - -5) + 5.
0
Calculate -45 - (-30 + 62 + -46).
-31
What is the value of 8 - 22 - (-24 + 2)?
8
-3 - 7 - -41 - 40
-9
What is the value of (-1 - -7) + (35 + -31 - (11 + -6))?
5
What is -11 - (0 + 2) - -3 - -5?
-5
11 - (12 - (15 + -3 - 26))
-15
Evaluate (-25 - 0) + 62 + -32 + -17.
-12
8 + (-3 - -1) - (-4 + 0 + 1)
9
What is 0 - (-30 - ((9 - 11) + -10))?
18
Calculate (17 - -10) + -14 - 2.
11
-3 - -10 - (15 - (34 - 25))
1
Evaluate (43 + -13 - 18) + 1 + -31.
-18
Calculate -2 - -5 - (16 + -1 - (-54 - -59)).
-7
8 + 6 + -4 + -1
9
-7 + (8 - (4 + 7)) + -3
-13
Calculate 4 - (-2 - -1) - (-2 + 3 + -7).
11
What is the value of 8 + 12 - 5 - 37?
-22
Evaluate -8 - (-7 + 16 - -7).
-24
Evaluate -1 + 2 + 0 + 6 + 2 + 3.
12
What is the value of (-2 - -8) + -12 + -3 + -5 + 11?
-3
Evaluate -6 + 0 + (-9 - -4) - -4 - -7.
0
0 - (10 - (-13 + 14))
-9
-17 - -18 - (13 - 7)
-5
-13 + -3 + 20 + 6
10
What is -1 + (1 - -9 - (30 - (39 - 7)))?
11
Calculate -15 + 36 - 22 - (-6 + 1).
4
What is 2 + -8 + -4 - (26 + -5 + -14)?
-17
What is -15 - (-14 - -8) - (-11 + 29)?
-27
Calculate (14 - 23 - -3 - (-11 + -2)) + -11.
-4
2 - 8 - (30 - 39)
3
Calculate 19 - ((5 - 2) + 7).
9
Calculate (9 + 2 - (-4 + 3)) + 6.
18
Evaluate -1 + (3 + -11 + 0 - 17) + 6.
-20
Calculate -12 + 29 + -21 + 11.
7
What is the value of -2 + -4 + (-10 + 6 - (-4 - -8))?
-14
What is the value of (10 - -1 - -1) + 26 + -28?
10
What is the value of 1 + -4 + (-27 - (-11 + -36))?
17
Evaluate -169 + 161 - (-1 + (-2 - -1)).
-6
Calculate (-1 - -12) + (-39 - -33).
5
What is the value of (29 - -14) + -18 - 6?
19
Evaluate (-2 - -11) + -4 - (-16 + 5 - -5).
11
What is (-1 - -5) + -27 + -7 + 14 + -4?
-20
Evaluate -2 - (-3 - 0) - (21 - 16).
-4
What is -6 + -1 + -24 + 23 + -8?
-16
24 - (5 - 0 - ((-36 - -57) + -10))
30
Evaluate -3 - (-13 - (-19 + -1)) - 7.
-17
What is the value of -30 + (16 - 1) + 0 + -7?
-22
-5 - (4 + 8) - -4 - (-4 + 3)
-12
-33 + (42 - 1) + -17 + (0 - 0)
-9
-16 - ((36 - 54) + (-5 - (-17 - -2)))
-8
Evaluate -1 + -2 - 9 - (2 + -10 + 1).
-5
Calculate 4 + -47 - (-9 - 2).
-32
Calculate 53 - 42 - (-2 + 17).
-4
Calculate 0 + 8 + 7 + (-9 - 12).
-6
-5 + -2 + (1 + -12 - -8)
-10
-29 + (-11 - -30 - 7)
-17
What is 20 + -20 - (6 + (4 - 2))?
-8
-2 + 13 - (-1 + (-2 - 2) - -1)
15
Calculate -18 - (8 - (81 - 31)).
24
24 + (-1 - 49) + 1
-25
Calculate (-1 + -8 - 2) + (-13 - -11) - -2.
-11
What is the value of (-23 - -6) + (16 - 19 - (3 - 9))?
-14
